 - 20 = -u - u. Let g be 4 - u/((-18)/4). List the prime factors of g/5*(-280)/(-8).
2, 3, 7
Suppose 2*g - 418 = f - 5*f, 0 = -2*f - 6. Suppose 11*w - 16*w + g = 0. What are the prime factors of w?
43
List the prime factors of 12/4 - (0 - 1144).
31, 37
Let x(y) = -5722*y**3 + 7*y**2 + 7*y - 1. List the prime factors of x(-1).
3, 1907
Suppose -2*j - 3*v = 3 - 26, -5 = -v. Let o(t) = 6*t**2 - 4*t - 1. Let r be o(j). Let n = 119 - r. List the prime factors of n.
2, 5
Let k(r) = 155*r - 328. What are the prime factors of k(9)?
11, 97
Let g(v) be the first derivative of -7*v**2/2 - 14*v - 1. Suppose 3*u + 2*p + 0*p + 25 = 0, -43 = 5*u + 2*p. What are the prime factors of g(u)?
7
Let x(a) = 6*a**2 + 33*a - 396. What are the prime factors of x(-35)?
3, 1933
Suppose 8 = -s - s. Let y be (-7 - s) + 5*1. Suppose 2*j = -3*l + 154, -l + 86 = l - y*j. What are the prime factors of l?
2, 3
Suppose -29*h + 226848 = 22*h. List the prime factors of h.
2, 139
Let f(a) = -38*a - 30. Let y be f(-15). Suppose -h = 5*h - y. List the prime factors of h.
2, 3, 5
Suppose 0 = -38*z - 84*z + 321226. What are the prime factors of z?
2633
Let z(a) = -6*a**3 - 18*a**2 + 15*a. Let x(u) = -5*u**3 - 18*u**2 + 15*u - 1. Let m(p) = 5*x(p) - 4*z(p). What are the prime factors of m(-19)?
71
Suppose 0 = -5*r - f + 170, -25 = 2*f + 3*f. Let a = r - 33. Suppose a*l - 3*s = 53, -l - 2*l - 4*s + 71 = 0. What are the prime factors of l?
5
Suppose l + 0*y - 1385 = -5*y, 3*l - 4235 = y. What are the prime factors of l?
2, 3, 5, 47
Let q(o) = 2*o - 9. Let u be (15/5)/(6/4). Suppose 5*z = u*k - 6*k + 26, -2*z = -5*k + 49. What are the prime factors of q(k)?
3
Let i = 1866 - 1252. What are the prime factors of i?
2, 307
Let y(j) = j**2 - 2*j + 1. Let z be y(1). Suppose q - 8 = s, 4*q = -z*q + 5*s + 36. Suppose -3*c - 7 = -q, -4*m = 3*c - 125. What are the prime factors of m?
2
Let k be 355/2 + (5/(-2) - -2). Suppose -4*g + 179 + k = 0. List the prime factors of g.
89
Let i(u) = 3*u + 2. Let w be i(3). Let f = 8 + -8. Let n = w + f. What are the prime factors of n?
11
Suppose -64260 = -34*z + 17*z. List the prime factors of z.
2, 3, 5, 7
Let u(a) = -5*a + 33. Let f(o) = -6*o + 32. Let x(v) = -6*f(v) + 7*u(v). Let t be x(0). Let c = 73 - t. What are the prime factors of c?
2, 17
Let z(i) = 15*i**2 - i**3 + 13 - 18*i - 10 + 6*i. Suppose -5*m - 5*a + 83 = 28, -3*m + 4*a + 54 = 0. What are the prime factors of z(m)?
31
Let j be (-2 - 2)*28/16. Let a = j - -9. Suppose -a*s = -21 - 7. What are the prime factors of s?
2, 7
Let q be 1*-3*(-5 - -3). Suppose -q*o + 5 = -o. Let f(u) = 34*u**3 + u**2 + u - 1. List the prime factors of f(o).
5, 7
Let y = 1437 + 414. List the prime factors of y.
3, 617
Let v(d) = 1 + 6*d + d**2 + 6 + d**2. List the prime factors of v(-5).
3
Let t = 3660 + -2307. Suppose 0 = 4*f + 3*z - 1212, 4*f - 5*z - t = -141. Suppose -7*u = 23 - f. What are the prime factors of u?
2, 5
Suppose 5*f = -54 + 2164. What are the prime factors of f?
2, 211
Let x(j) be the first derivative of 15*j**2/2 - 20*j - 7. What are the prime factors of x(9)?
5, 23
Let v be (-2 - 4/(-1)) + -8. Suppose -3*y = -5*a - 24, 5*y - 4 - 11 = 0. List the prime factors of v*(60/(-9) - a).
2, 11
What are the prime factors of (52/39)/(1/(56 - -1))?
2, 19
Suppose -3*v = -0*v - 105. Suppose 0 = 5*t - 0*t + f - 20, 0 = -4*t + f + 16. Suppose t*u = v + 89. List the prime factors of u.
31
Suppose 0 = x - 291 + 376. List the prime factors of x/(-8)*(-154)/(-55)*4.
7, 17
Suppose 3*d + 2*l = 12, -3 = -4*d - 3*l + 12. Suppose -116 = 2*u + 4*f, 2*u + 75 + d = 3*f. Let r = u + 73. What are the prime factors of r?
5
Suppose -5*o - 119 = -24. Let q = o + 84. Suppose 4*c - q = 71. What are the prime factors of c?
2, 17
Let g be (3 - (3 - 2))*-25. Let l = g - -74. List the prime factors of 102/l - 1/4.
2
Suppose 0 = -76*f + 75*f + 18. Let h(a) = 3*a - 11. List the prime factors of h(f).
43
Suppose 2*o - 4*m = 842, -3*m = 2*m. List the prime factors of o.
421
Suppose -2*i = 4*i - 192. Let g = -26 + i. List the prime factors of g.
2, 3
Let n(i) = -i**3 - 5*i**2 + 5*i + 6. Let s be n(-6). Let t be 3/(s/(-16)) - -3. List the prime factors of t + 0 - (-1 + -16).
2
Let t be (36/(-30))/(2/10). What are the prime factors of 567/14 + t/4?
3, 13
Let q be -1*20/5 - -2. List the prime factors of 57/(-5)*(-9 + (q - -1)).
2, 3, 19
Let t(g) = -8*g + 7. List the prime factors of t(-33).
271
Suppose -m - 21 = -5*i - 0*i, -3*i = 5*m - 35. Let d(s) = -s**2 + 6*s - 2. Let b be d(m). Suppose -3*w - 84 = -b*w. List the prime factors of w.
2, 7
Suppose c = 4*q + 1464, -2904 = 18*c - 20*c + 2*q. List the prime factors of c.
2, 181
Suppose b - 7*d - 2673 = -9*d, -b + 2677 = 4*d. List the prime factors of b.
17, 157
Suppose -5*h + 3*q = -5188, h + 667 - 1699 = 2*q. What are the prime factors of h?
2, 5, 13
Let h = -45 - -66. What are the prime factors of -4*(1 - h/12)?
3
Let l(q) = q**3 + 11*q**2 - 5*q + 43. What are the prime factors of l(-9)?
2, 5
Let u(m) be the third derivative of 0*m - 1/120*m**6 + 0 + 3/20*m**5 - 7/24*m**4 + 1/3*m**3 - m**2. List the prime factors of u(8).
2, 5
List the prime factors of -18*1223/(-6) - (2 - -2).
5, 733
Suppose -3*n + 12 = -0*n. Suppose -1 = -n*v + 7. What are the prime factors of (10 + 3)*(v - 1)?
13
Let f(r) = -2*r**3 - r**2 - 3*r + 1. Let v be f(-5). Suppose 2*n - v = 83. List the prime factors of n.
2, 3
Let r(t) = -120*t**3 - 3*t**2 - 2*t + 1. What are the prime factors of r(-1)?
2, 3, 5
Let u be (-2*2/4)/(2/206). Let c = u - -226. List the prime factors of c.
3, 41
Suppose 0 = -3*s - 4*n + 2884, -25*s - 2*n = -21*s - 3852. List the prime factors of s.
2, 241
Suppose 2*t = 5*a - 84, -2*a + 5*t + 4 = -17. Let c = a - -21. What are the prime factors of c?
3, 13
Let j = 44 + -41. List the prime factors of 81 + j*(-1 + 2).
2, 3, 7
Suppose 10*g - 21*g = -1848. List the prime factors of g.
2, 3, 7
Suppose -8*p + y + 350 = -7*p, 2*p - 3*y - 699 = 0. List the prime factors of p.
3, 13
Let j(x) = x**3 + x**2 - 14*x - 9. List the prime factors of j(10).
3, 317
Suppose 20*w - 7956 = 7*w. List the prime factors of w.
2, 3, 17
Let h be -9*(-1)/(-3)*-2. Let s(v) = -3*v + 8. Let j be s(0). Let n = j - h. List the prime factors of n.
2
Let p(y) = -918*y - 39. List the prime factors of p(-1).
3, 293
Let y be (-1)/(3/4 - 1). Suppose y*p = -0*p + 136. List the prime factors of p/6 + 2/(-3).
5
Let c(h) = 21*h**2 + 0 - 17*h**2 - 2 + h**3 - 2*h. Let j = -1 - 3. List the prime factors of c(j).
2, 3
What are the prime factors of 1 - (-9 + 6) - (-2739)/3?
7, 131
Suppose -34*t + 32*t + 1760 = 0. Suppose 5*b - 5*v = t, 0*v + v = 4*b - 698. List the prime factors of b.
2, 3, 29
Let d = 103 - -269. What are the prime factors of d?
2, 3, 31
Let k be (5 - 1)*(-2 + (-10)/(-4)). What are the prime factors of (-7)/(-1) - (k - 1)?
2, 3
Let s = 12 - 15. Let b = 24 + 35. List the prime factors of b - (0 + s + 3).
59
Let j be (-20)/(-60) - (-809)/3. Suppose 8*m - j = 5*m. What are the prime factors of m?
2, 3, 5
Let o be 12/(-20) + 1108/(-20). List the prime factors of o/(-12) - (-4)/(-6).
2
Let h = -2435 - -3438. List the prime factors of h.
17, 59
Suppose 0 = -4*q - 5*w + 5365, 2*w + 485 = q - 840. List the prime factors of q.
3, 5, 89
Suppose 3*a - 5*w - 422 = -0*a, -w = -5*a + 674. Let z = a + -52. What are the prime factors of z?
2, 41
Suppose 117*q + 15631 = 128*q. What are the prime factors of q?
7, 29
Suppose 0 = -4*a - 0*c - c + 7735, 2*a = -5*c + 3881. What are the prime factors of a?
1933
Suppose 0 = -3*p + 5*l + 3377, -2*p = 11*l - 6*l - 2268. List the prime factors of p.
1129
List the prime factors of 20988/8 + 3/(-2) + 2.
2, 41
Suppose 5*x + 5*w = 14 - 4, 0 = -4*w - 4. Suppose 8*g - x*q = 4*g + 1143, -297 = -g + 3*q. Suppose -366 = -8*m + g. List the prime factors of m.
3
Let j = 3599 + -1099. List the prime factors of j.
2, 5
Let a be ((-3)/3 + 1559)*(-2)/(-4). Suppose 5*z = a - 214. List the prime factors of z.
113
Suppose -q - 21 = 5*n, -13 - 10 = -2*q + 3*n. Suppose -2*z - 100 = t, q*z + 4*t = 2*z - 106. Let j = z + 83. What are the prime factors of j?
2, 17
Suppose 20 = 5*v, 3*u - 168 = u - v. What are the prime factors of u?
2, 41
Let h(x) = x**3 - 7*x**2 - 13. Let u be h(9). Suppose -q + 5*c = -9 - 74, -3*q + u = 5*c. Lis